5698327257 a composite number?
True
Is 49906759061 a composite number?
False
Is 5112717187 composite?
False
Is 19484982601 prime?
False
Is 1595655253 a prime number?
False
Is 36469618865 a composite number?
True
Is 33193325117 prime?
True
Is 1362716359 composite?
False
Is 21904691 prime?
True
Is 275688019 a prime number?
False
Is 5772201749 prime?
False
Is 24484606457 prime?
True
Is 125687778803 a prime number?
True
Is 2007721927 prime?
True
Is 864087221 a prime number?
True
Is 3117090883 a prime number?
False
Is 88660333 composite?
True
Is 7730961989 composite?
False
Is 965198009 composite?
False
Is 4478232841 prime?
True
Is 758318629 composite?
False
Is 2363418487 composite?
False
Is 812863219 composite?
True
Is 338383891 prime?
True
Is 6182941759 prime?
True
Is 32284999583 a prime number?
True
Is 22969792763 prime?
True
Is 1225236293 a prime number?
False
Is 2425872598 a composite number?
True
Is 11893368161 a composite number?
True
Is 14965581193 a prime number?
False
Is 1209163559 a prime number?
True
Is 461391168917 a composite number?
True
Is 4784981419 a prime number?
False
Is 50818277 prime?
True
Is 2593258933 composite?
False
Is 4338034091 a prime number?
True
Is 178161187 a prime number?
True
Is 15936518713 composite?
False
Is 1087280053 composite?
True
Is 85755873947 composite?
False
Is 2435592043 composite?
False
Is 11676000337 a prime number?
False
Is 55601922797 composite?
True
Is 4015261889 prime?
True
Is 8215624777 a prime number?
True
Is 16158207229 composite?
False
Is 110752961021 a composite number?
False
Is 1076312119 a composite number?
True
Is 3377183111 a prime number?
False
Is 20645939199 prime?
False
Is 118822919 a composite number?
False
Is 228086707 a composite number?
False
Is 859576547 prime?
True
Is 87458591609 composite?
False
Is 5795029181 prime?
False
Is 8904705851 composite?
True
Is 198357011 a composite number?
False
Is 18621897809 a composite number?
True
Is 70376631307 composite?
True
Is 525545873 a prime number?
True
Is 489497429 prime?
True
Is 2593810777 prime?
False
Is 34741824101 composite?
False
Is 4621807823 a composite number?
False
Is 6238412051 a prime number?
True
Is 13586582593 prime?
False
Is 4260884783 composite?
False
Is 8097348253 prime?
True
Is 284040689 a prime number?
False
Is 15256741 a composite number?
True
Is 9770627551 a prime number?
True
Is 1588518359 a composite number?
False
Is 1978818503 composite?
True
Is 34522093 a prime number?
False
Is 105380011 prime?
False
Is 883256191 a prime number?
True
Is 39642914317 a prime number?
False
Is 91629049739 prime?
True
Is 7281826379 a composite number?
False
Is 34755763943 prime?
False
Is 2828753717 composite?
False
Is 644434109 composite?
True
Is 77984041 prime?
False
Is 799905299 a composite number?
True
Is 205369597 composite?
True
Is 11878011998 a prime number?
False
Is 76094886499 a prime number?
False
Is 3218405147 a composite number?
False
Is 6772606055 a prime number?
False
Is 241616651 a composite number?
False
Is 32691042323 prime?
True
Is 292469509 prime?
True
Is 1107737858 a composite number?
True
Is 4551369553 a composite number?
True
Is 1729296731 composite?
False
Is 10614017231 a composite number?
False
Is 902182241 a composite number?
False
Is 110913119 composite?
False
Is 14829263039 a prime number?
False
Is 118943411 composite?
False
Is 1326029567 composite?
True
Is 18557475177 composite?
True
Is 738404651 a prime number?
True
Is 185599079 a composite number?
False
Is 565188983 prime?
False
Is 1623636919 composite?
False
Is 1833269003 a prime number?
False
Is 84628637 composite?
False
Is 711289819 a prime number?
True
Is 1196402791 prime?
True
Is 1367062763 a composite number?
True
Is 2857489491 a composite number?
True
Is 6362346049 composite?
False
Is 2955245369 a prime number?
True
Is 45291001213 a composite number?
True
Is 21691264303 prime?
True
Is 234150767207 a prime number?
False
Is 622109921 prime?
False
Is 6732297947 a composite number?
True
Is 1745343871 composite?
True
Is 5403691119 composite?
True
Is 32409198319 composite?
False
Is 6062178043 prime?
False
Is 2052191303 prime?
True
Is 2146212487 composite?
True
Is 737545999 a prime number?
False
Is 4892181901 a composite number?
False
Is 22491964067 a prime number?
True
Is 14359561453 composite?
True
Is 8380574341 a prime number?
True
Is 67304219 a composite number?
True
Is 2690890003 prime?
False
Is 68892283 a composite number?
False
Is 845896147 composite?
False
Is 39820389403 composite?
False
Is 5261052517 composite?
True
Is 17589048923 a prime number?
False
Is 285506208869 a prime number?
False
Is 1989990529 a prime number?
True
Is 13445997947 prime?
True
Is 25665173 prime?
True
Is 113456995885 a composite number?
True
Is 3500754245 composite?
True
Is 44282361493 a composite number?
True
Is 725797907 a composite number?
False
Is 102225790939 composite?
False
Is 59736441299 a composite number?
False
Is 2156399407 a composite number?
True
Is 2990817173 a composite number?
True
Is 3017345681 a composite number?
True
Is 337255121 a prime number?
False
Is 3289891159 prime?
True
Is 3841069217 composite?
False
Is 1310697931 a prime number?
True
Is 502838542 prime?
False
Is 508192501 a prime number?
True
Is 91440985013 prime?
False
Is 2133600437 a prime number?
False
Is 108439313 prime?
True
Is 117069367 a composite number?
True
Is 2750252143 a prime number?
False
Is 31581514421 a prime number?
False
Is 129600893 a composite number?
True
Is 26539513431 prime?
False
Is 52607702821 prime?
False
Is 16007303357 composite?
True
Is 1650355691 a prime number?
True
Is 13769878139 a composite number?
True
Is 6928784783 prime?
True
Is 103998688967 a prime number?
False
Is 1868312827 a composite number?
False
Is 2893774421 composite?
True
Is 1054116139 prime?
True
Is 1236634489 a composite number?
True
Is 568716061 a prime number?
False
Is 117627160003 prime?
True
Is 26483695169 prime?
True
Is 60757621831 composite?
False
Is 2143821929 composite?
True
Is 2327357 a composite number?
True
Is 6379824373 a composite number?
True
Is 147553019 prime?
True
Is 343953721 a prime number?
True
Is 161473747 a prime number?
True
Is 295266527 prime?
False
Is 3065758183 prime?
True
Is 1086836173 composite?
False
Is 16301659303 prime?
False
Is 10411356023 composite?
False
Is 3103010509 prime?
True
Is 714605897 a prime number?
False
Is 1512270913 a prime number?
False
Is 4229758069 a composite number?
True
Is 5720505377 a composite number?
False
Is 2161308859 a composite number?
False
Is 9092080627 prime?
False
Is 7010208377 a composite number?
False
Is 65051303563 a prime number?
True
Is 5373337811 a prime number?
True
Is 33028720009 a prime number?
False
Is 6893896813 prime?
True
Is 14314293533 a prime number?
False
Is 12519605209 prime?
True
Is 212754887 a prime number?
False
Is 144817949 composite?
False
Is 45234701599 prime?
True
Is 10284479 prime?
True
Is 28466756453 prime?
False
Is 15930476363 composite?
False
Is 778024853 prime?
True
Is 30704364037 a prime number?
False
Is 126938023 a composite number?
True
Is 430141849 a prime number?
False
Is 77798926481 composite?
False
Is 1443574441 a composite number?
True
Is 529567319 a composite number?
False
Is 2709927799 a composite number?
False
Is 49644024338 prime?
False
Is 11984794193 composite?
True
Is 18469314341 composite?
True
Is 64688177297 a composite number?
True
Is 2211951199 composite?
True
Is 74782831 a prime number?
False
Is 685226307 prime?
False
Is 2745512303 a composite number?
True
Is 246881983 composite?
False
Is 16651732039 composite?
False
Is 2356263881 composite?
False
Is 412417177 composite?
True
Is 71844374495 prime?
False
Is 8421293 a composite number?
True
Is 3531554669 prime?
True
Is 198341777 composite?
False
Is 913603423 composite?
True
Is 288147127 prime?
False
Is 19423562731 prime?
True
Is 995357063 a prime number?
True
Is 698657567 a prime number?
False
Is 4070691529 prime?
True
Is 27323183443 a prime number?
True
Is 29593618927 prime?
True
Is 7496419823 a prime number?
True
Is 126030559867 a composite number?
True
Is 6550123471 a composite number?
True
Is 10887936193 composite?
False
Is 64631085637 composite?
False
Is 1406969593 composite?
True
Is 14242666871 composite?
False
Is 831837485 a prime number